NOAA-Style Climate Reports

Select a Year or Month report
2018: Jan Feb Mar Apr May Jun Jul Aug Sep Oct Nov Dec
2017: Jan Feb Mar Apr May Jun Jul Aug Sep Oct Nov Dec
2016: Jan Feb Mar Apr May Jun Jul Aug Sep Oct Nov Dec

Report for 2018 June
                   Monthly Climatological Summary for Jun 2018

Name: Weather South Central Topeka   City: Topeka   State: KS
Elevation: 278 m  Lat: N 39° 01' 34"   Lon: W 095° 42' 31"

                  Temperature (°F), Rain (in), Wind Speed (mph)

                                      Heat  Cool        Avg
    Mean                              Deg   Deg         Wind                 Dom
Day Temp  High   Time   Low    Time   Days  Days  Rain  Speed High   Time    Dir
----------------------------------------------------------------------------------
 1  81.2  94.1   17:02  65.2   06:25   0.0  16.2  0.00   0.0   3.0   21:23   ESE
 3  74.9  88.1   17:57  62.8   23:59   0.2  10.3  0.20   0.7  11.0   01:00    NW
 4  70.2  84.9   17:04  58.0   03:10   1.7   7.0  0.00   0.3   5.0   14:50   ESE
 5  75.2  91.5   17:45  56.8   05:31   1.8  12.0  0.00   0.4   7.0   15:31   SSW
 6  80.6  94.8   16:28  65.5   06:23   0.0  15.6  0.00   0.3   7.0   14:17     S
 7  77.8  88.4   17:00  68.3   06:16   0.0  12.8  0.00   0.4  17.0   00:39    NE
 8  80.1  94.9   16:28  65.8   06:05   0.0  15.1  0.00   0.1   5.0   16:15     S
 9  82.8  96.3   16:40  72.1   06:13   0.0  17.8  0.00   0.0   6.0   07:08   ESE
10  86.3  97.6   16:41  74.2   06:43   0.0  21.3  0.00   0.1   7.0   09:26     S
11  86.3  98.0   17:16  69.1   23:48   0.0  21.3  1.09   0.1  14.0   23:24     S
12  78.6  91.5   17:02  67.1   06:10   0.0  13.6  0.32   0.0   4.0   09:04   SSW
13  78.1  83.2   17:52  73.6   07:09   0.0  13.1  0.00   0.0   0.0   00:00   ---
14  84.7  97.1   15:20  72.2   03:18   0.0  19.7  0.00   0.0   4.0   22:56    SE
15  86.0  96.2   16:08  76.2   06:38   0.0  21.0  0.00   0.0   3.0   00:51   SSE
16  85.2  95.2   15:46  76.2   06:27   0.0  20.2  0.00   0.0   5.0   19:25     S
17  85.7  95.2   16:04  75.6   04:33   0.0  20.7  0.00   0.0   4.0   10:15   SSW
18  84.1  96.4   12:39  74.8   05:09   0.0  19.1  0.00   0.9  79.5   10:30     S
19  77.7  89.2   19:04  69.8   12:32   0.0  12.7  0.50   0.3  12.0   10:45   WSW
20  76.5  86.9   18:50  66.3   23:32   0.0  11.5  0.22   1.4  18.0   22:10     W
21  66.8  72.0   16:25  61.3   06:00   0.6   2.4  0.05   2.5  79.5   09:38     W
----------------------------------------------------------------------------------
    79.9  98.0    11    56.8     5     4.3 303.4  2.38   0.4  79.5    18     WSW

Max >=  80.0: 19
Max <=  32.0:  0
Min <=  32.0:  0
Min <=   0.0:  0
Max Rain: 1.09 on day 11
Days of Rain: 6 (>= 0.01 in)  5 (>= 0.10 in)  1 (>= 1.00 in)
Heat Base: 65.0  Cool Base: 65.0  Method: Integration