NOAA-Style Climate Reports

Select a Year or Month report
2018: Jan Feb Mar Apr May Jun Jul Aug Sep Oct Nov Dec
2017: Jan Feb Mar Apr May Jun Jul Aug Sep Oct Nov Dec
2016: Jan Feb Mar Apr May Jun Jul Aug Sep Oct Nov Dec

Report for 2018 August
                   Monthly Climatological Summary for Aug 2018

Name: Weather South Central Topeka   City: Topeka   State: KS
Elevation: 278 m  Lat: N 39° 01' 34"   Lon: W 095° 42' 31"

                  Temperature (°F), Rain (in), Wind Speed (mph)

                                      Heat  Cool        Avg
    Mean                              Deg   Deg         Wind                 Dom
Day Temp  High   Time   Low    Time   Days  Days  Rain  Speed High   Time    Dir
----------------------------------------------------------------------------------
 1  75.3 116.4   14:53  57.8   06:35   1.6  11.9  0.00   0.2  12.0   15:23     W
 2  80.8  99.8   17:34  65.2   03:50   0.0  15.8  0.00   0.4   7.0   12:55   WSW
 3  82.3  99.9   16:44  64.5   06:15   0.0  17.3  0.00   0.6  12.0   15:52   SSE
 4  81.4  95.1   12:39  70.1   06:30   0.0  16.4  0.06   0.3  11.0   12:07    SE
 5  87.0 101.3   17:36  74.5   06:53   0.0  22.0  0.00   0.1   8.0   09:48   SSE
 6  87.3 102.2   18:09  75.8   06:33   0.0  22.3  0.00   0.3   8.0   21:57     S
 7  78.8  92.4   18:46  68.8   05:41   0.0  13.8  1.37   0.5  13.0   03:35   NNE
 8  79.5  96.4   17:11  67.5   06:32   0.0  14.5  0.00   0.0   3.0   11:20   ---
 9  78.1  95.4   12:42  67.2   06:40   0.0  13.1  0.00   0.0   3.0   11:46   ---
10  78.5  92.0   16:40  66.1   06:40   0.0  13.5  0.00   0.0   5.0   09:23   NNE
11  77.9  94.9   12:51  62.6   06:54   0.3  13.1  0.00   0.3  10.0   14:12   NNE
12  80.1  97.8   17:48  64.0   06:38   0.1  15.2  0.00   0.3   7.0   11:48   ENE
13  78.4  90.7   12:00  69.6   06:49   0.0  13.4  0.20   0.3   8.0   12:02   ESE
14  76.3  86.3   13:31  71.5   09:40   0.0  11.3  1.29   0.1   6.0   15:38    SE
15  76.6  89.6   17:23  70.5   01:56   0.0  11.6  0.05   0.3   6.0   11:56   NNW
16  79.0  92.4   17:44  68.1   06:41   0.0  14.0  0.00   0.1   6.0   20:56     S
17  77.5  88.8   17:28  68.0   06:47   0.0  12.5  0.00   0.8  12.0   13:44   NNE
18  78.9  94.0   17:13  66.1   06:17   0.0  13.9  0.00   0.3   6.0   13:08   NNE
19  71.7  75.4   02:35  66.4   23:53   0.0   6.7  0.24   0.2  10.0   21:31     S
----------------------------------------------------------------------------------
    79.2 116.4     1    57.8     1     2.0 272.3  3.21   0.3  13.0     7       E

Max >=  80.0: 18
Max <=  32.0:  0
Min <=  32.0:  0
Min <=   0.0:  0
Max Rain: 1.37 on day 7
Days of Rain: 6 (>= 0.01 in)  4 (>= 0.10 in)  2 (>= 1.00 in)
Heat Base: 65.0  Cool Base: 65.0  Method: Integration